-19*o + 145. Give z(25).
-330
Let y(f) = -6*f + 463. What is y(81)?
-23
Let h(l) = 2*l**3 - 5*l**2 - 10*l - 9. Give h(-3).
-78
Let v(m) = -11682*m - 23379. Determine v(-2).
-15
Let l(w) = -34*w + 1989. Calculate l(61).
-85
Let i(r) = -1440*r + 18741. Determine i(13).
21
Let x(g) = -2*g**2 + 36*g - 146. What is x(6)?
-2
Let c(p) = -p**2 + 311*p - 3014. Determine c(10).
-4
Let k(f) = -306*f + 5503. Calculate k(18).
-5
Let o(h) = h**3 - 9*h**2 + 21*h - 110. What is o(7)?
-61
Let b(p) = p**3 - 12*p**2 + 55*p - 423. Determine b(9).
-171
Let d(x) = 128*x + 9229. Give d(-72).
13
Let q(z) = -z**2 - 83*z + 1013. Determine q(-94).
-21
Let w(x) = -5*x**2 + 82*x - 35. Give w(16).
-3
Let s(n) = n**3 + 2*n**2 - n - 22. Calculate s(0).
-22
Let q(r) = -3*r**2 - 489*r - 14513. Calculate q(-124).
-5
Let o(y) = 216*y + 351. Give o(-4).
-513
Let n(q) = 1989*q + 9935. Determine n(-5).
-10
Let x(c) = -125*c + 763. Calculate x(6).
13
Let b(g) = -2*g**3 + 31*g**2 - 122*g + 58. Calculate b(9).
13
Let r(b) = -2*b**3 + 335*b**2 + 149*b + 3237. Determine r(168).
45
Let h(b) = 17*b**2 - 11*b - 46. Give h(-3).
140
Let z(d) = -2*d**3 + 17*d**2 - 19*d + 35. What is z(9)?
-217
Let l(a) = -a**2 - 285*a - 7643. Calculate l(-30).
7
Let t(l) = -l**3 + 18*l**2 + 114*l + 13. Calculate t(23).
-10
Let d(l) = -2*l**2 - 324*l - 2186. What is d(-155)?
-16
Let l(d) = d**3 + d**2 + 10*d - 24. Determine l(2).
8
Let w(l) = l**2 - 39*l - 207. Calculate w(43).
-35
Let h(i) = i**3 - 20*i**2 + 91*i + 10. Give h(13).
10
Let n(k) = -7*k**2 + 31*k + 94. What is n(-2)?
4
Let i(g) = -g**3 - 11*g**2 - 28*g - 10. Determine i(-7).
-10
Let w(k) = k**3 + 3*k**2 - 3*k + 78. Give w(-9).
-381
Let x(j) = 25*j - 138. Give x(5).
-13
Let u(k) = -k**3 - 7*k**2 - 4*k - 11. Determine u(4).
-203
Let d(s) = -s**3 + s**2 + 23*s + 338. Give d(9).
-103
Let q(p) = -7*p**2 - 11*p + 7. What is q(-3)?
-23
Let x(g) = -389*g - 9371. Determine x(-24).
-35
Let f(k) = k**3 + 24*k**2 + 116*k - 175. Calculate f(-9).
-4
Let c(f) = -50*f + 2. Give c(18).
-898
Let m(y) = -2*y**2 - 30*y - 95. Determine m(-8).
17
Let p(d) = 4*d**3 - d**2 - 12*d - 9. Determine p(5).
406
Let y(f) = 1077*f - 18327. Calculate y(17).
-18
Let u(c) = c**3 - 53*c**2 - 174*c - 16. Give u(-3).
2
Let p(t) = 8*t**2 - 10*t. What is p(2)?
12
Let b(v) = -v**3 - 23*v**2 - 131*v - 718. Determine b(-18).
20
Let j(n) = 63*n + 1405. Calculate j(-23).
-44
Let k(g) = 2*g**2 + 39*g + 275. What is k(-13)?
106
Let l(g) = -57*g**2 - 36*g - 73. What is l(-2)?
-229
Let m(s) = s**2 - 73*s + 928. What is m(19)?
-98
Let t(q) = -q**3 - 78*q**2 - 170*q - 1380. What is t(-76)?
-12
Let z(g) = -33*g + 1902. Calculate z(55).
87
Let r(k) = 10*k**3 - 13*k**2 + 61*k - 19. Calculate r(4).
657
Let p(x) = -x**2 + 86*x + 170. Give p(-2).
-6
Let m(r) = -r**2 - 5*r + 4684. What is m(66)?
-2
Let f(i) = -i**3 - 13*i**2 + 93*i + 73. Calculate f(6).
-53
Let v(k) = 3*k**3 - 19*k**2 - 133*k - 15. Determine v(-6).
-549
Let x(f) = -f**2 + 1575*f + 25450. Calculate x(-16).
-6
Let a(t) = t**3 - 28*t**2 + 40*t - 244. Give a(27).
107
Let b(w) = 2*w**2 - 91*w + 906. Calculate b(15).
-9
Let a(w) = -54*w - 557. Give a(-11).
37
Let y(b) = b**2 - 20*b - 4. Calculate y(26).
152
Let d(h) = -106*h**3 - 7*h**2 + 11*h + 32. Determine d(-2).
830
Let k(d) = -2*d**2 + 8795*d + 35203. Give k(-4).
-9
Let q(x) = -x**2 + 836*x - 4988. Give q(6).
-8
Let q(l) = -l**3 - 32. Give q(0).
-32
Let n(v) = -4*v**2 - 8*v + 23. What is n(5)?
-117
Let c(o) = -28*o**2 + 54*o - 112. Determine c(2).
-116
Let x(f) = 25*f - 143. Give x(-31).
-918
Let b(t) = 9*t**2 - 19*t + 13. Determine b(4).
81
Let z(n) = 2*n**2 - 82*n + 10. What is z(41)?
10
Let w(i) = 4*i**3 - 160*i**2 - 12*i + 6. Calculate w(40).
-474
Let m(f) = -959*f + 3855. Determine m(4).
19
Let r(n) = n**2 + 30*n - 1003. Determine r(20).
-3
Let j(q) = -q**2 - 5*q + 105. Calculate j(-17).
-99
Let m(b) = 11*b**3 - 6*b**2 + 2*b + 16. Determine m(-2).
-100
Let z(n) = 832*n - 2526. What is z(3)?
-30
Let b(u) = 16*u**2 - 18*u + 51. What is b(2)?
79
Let r(x) = x**3 - 179*x**2 + 1703*x - 2201. What is r(169)?
-4
Let y(k) = -722*k - 41885. Determine y(-58).
-9
Let l(x) = x**2 - 3*x - 24. Give l(-14).
214
Let t(x) = 2*x**2 - 20*x - 108. Give t(14).
4
Let o(x) = -x**3 + 92*x**2 - 9*x + 856. Give o(92).
28
Let r(n) = -13*n - 572. What is r(-45)?
13
Let a(i) = -39*i + 191. Give a(5).
-4
Let i(d) = -d**2 + 107*d - 2315. Determine i(30).
-5
Let f(y) = 56*y + 996. What is f(-18)?
-12
Let v(d) = d**3 + 113*d**2 + 225*d + 333. Determine v(-111).
0
Let z(n) = n**3 + 27*n**2 - 36*n - 220. Give z(-28).
4
Let s(d) = -47*d**2 - 706*d + 45. What is s(-15)?
60
Let i(q) = -112*q + 1276. What is i(12)?
-68
Let d(o) = o**3 - 52*o**2 - 109*o + 50. Give d(54).
-4
Let s(k) = 3*k + 80. Determine s(-25).
5
Let o(n) = n**3 + 26*n**2 + 13*n + 338. Calculate o(-26).
0
Let f(c) = -c**2 + 39*c - 234. Give f(20).
146
Let u(r) = r**3 - 100*r**2 + 737*r - 130. Determine u(92).
-38
Let h(r) = -625*r + 10648. What is h(17)?
23
Let d(g) = 56*g - 4631. Calculate d(85).
129
Let s(k) = k**2 - 42*k + 186. Determine s(4).
34
Let d(r) = -688*r + 14410. Give d(21).
-38
Let s(i) = -7286*i - 29126. Determine s(-4).
18
Let d(w) = -1822*w + 58303. Give d(32).
-1
Let h(r) = -50*r + 56. Calculate h(-2).
156
Let b(q) = -q**3 + 44*q**2 + 7*q - 317. Calculate b(44).
-9
Let f(o) = 5*o - 55. Give f(6).
-25
Let l(q) = q**3 + 37*q**2 + 253*q + 10. Determine l(-9).
1
Let r(l) = -l**3 + 9*l**2 - 8*l + 27. Calculate r(9).
-45
Let i(f) = -109*f**3 - 12*f**2 + 8*f + 1. What is i(1)?
-112
Let a(n) = -5*n**2 + 105*n + 38. Give a(20).
138
Let n(z) = -2*z**3 + 9*z**2 + 52*z - 338. Calculate n(6).
-134
Let u(g) = -74*g - 7. Give u(2).
-155
Let a(k) = k**3 + 41*k**2 - 89*k - 46. Calculate a(-43).
83
Let b(a) = a**3 - 42*a**2 + 380*a - 55. Give b(13).
-16
Let k(f) = -f**3 - 18*f**2 + 13*f - 536. What is k(-20)?
4
Let h(r) = 34*r - 1. Calculate h(0).
-1
Let i(v) = 27*v - 405. Determine i(-18).
-891
Let d(p) = -p**3 + 6*p**2 + 64*p - 275. What is d(9)?
58
Let v(p) = -54*p**3 - 2*p**2 + 1. Determine v(-1).
53
Let g(a) = a**3 + 44*a**2 - 102*a + 1857. Determine g(-47).
24
Let z(y) = -21*y + 58. Give z(4).
-26
Let s(o) = 4*o**3 + 20*o**2 - 18*o + 4. Calculate s(-5).
94
Let d(n) = -38*n - 361. What is d(-12)?
95
Let p(z) = z**3 + 28*z**2 - 1200*z - 31882. Give p(-25).
-7
Let k(r) = 206*r + 2688. Calculate k(-13).
10
Let z(b) = -4*b**2 + 37*b - 75. Calculate z(3).
0
Let p(w) = -w**3 + 45*w**2 + 42*w + 96. Give p(46).
-88
Let k(p) = -294*p - 73213. Give k(-249).
-7
Let r(g) = g**3 + 100*g**2 + 282*g - 871. Calculate r(-97).
2
Let x(b) = -5*b**3 - 27*b**2 + 57*b + 252. Give x(-6).
18
Let a(y) = -2*y**3 - 15*y**2 + 152*y - 8. Give a(0).
-8
Let s(u) = -u**3 + 2*u**2 + 11*u - 27. What is s(4)?
-15
Let m(r) = -191*r - 3825. Calculate m(-20).
-5
Let f(t) = t**2 - 262*t + 7957. Calculate f(35).
12
Let k(c) = 38*c - 205. What is k(5)?
-15
Let r(n) = n**2 + 3923*n + 139939. Give r(-36).
7
Let y(c) = 608*c - 1811. Give y(3).
13
Let n(f) = 6*f**3 + 47*f**2 - 2*f - 6. Calculate n(-8).
-54
Let n(f) = f**3 - 3*f**2 - 2*f - 15. What is n(-3)?
-63
Let u(c) = -12*c**2 - 195*c - 762. Determine u(-10).
-12
Let q(c) = -c**3 + 36*c**2 - 157*c - 18. Give q(5).
-28
Let q(r) = -r**2 + 55*r + 430. Determine q(62).
-4
Let n(r) = -62*r + 1639. Calculate n(32).
-345
Let y(p) = p**3 + 7*p**2 - p - 22. Determine y(-8).
-78
Let h(r) = -r**3 - 60*r**2 + 59*r - 162. Calculate h(-61).
-40
Let b(u) = -u**3 + 2*u**2 + 3*u - 115. Determine b(-5).
45
Let x(h) = 229*h - 921. Give x(4).
-5
Let d(y) = y**2 + 4*y - 46. Calculate d(-11).
31
Let p(m) = -m**3 + 5*m**2 + 14*m - 7. What is p(7)?
-7
Let j(z) = -52*z - 121. Determine j(5).
-381
Let x(w) = 9*w**2 + 820*w + 85. Determine x(-91).
-6
Let w(v) = -758*v - 95514. Give w(-126).
-6
Let y(l) = l**2 - 210*l + 2944. Give y(15).
19
Let f(n) = -n**2 - 260*n + 3553. Determine f(-273).
4
Let r(x) = -x**3 + 29*x**2 - 29*x - 85. What is r(28)?
-113
Let v(w) = 2*w**2 - 10*w + 76. What is v(-13)?
544
Let f(w) = -w**2 + 39*w + 496. What is f(49)?
6
Let l(y) = -48*y - 6042. Give l(-127).
54
Let o(d) = d**3 + 112*d**2 + 540*d + 462. Calculate o(-107).
-73
Let q(a) = -a**2 - 12*a + 1110. Give q(28).
-10
Let u(x) = -x**3 - 23*x**2 - 21*x - 4. What is u(-22)?
-26
Let 